{"id":26,"date":"2016-01-20T13:06:47","date_gmt":"2016-01-20T13:06:47","guid":{"rendered":"http:\/\/sp.useful-pixels.com\/?page_id=26"},"modified":"2021-10-27T12:27:56","modified_gmt":"2021-10-27T12:27:56","slug":"iletisim","status":"publish","type":"page","link":"https:\/\/izmirpecete.com\/index.php\/iletisim\/","title":{"rendered":"\u0130LET\u0130\u015e\u0130M"},"content":{"rendered":"<p>[vc_row][vc_column][vc_empty_space height=&#8221;95px&#8221;][\/vc_column][\/vc_row][vc_row][vc_column width=&#8221;1\/2&#8243;][vc_empty_space][vc_custom_heading text=&#8221;\u0130LET\u0130\u015e\u0130M B\u0130LG\u0130LER\u0130&#8221; font_container=&#8221;tag:h4|text_align:left&#8221; use_theme_fonts=&#8221;yes&#8221;][argu_separator sepopt=&#8221;simple&#8221; bordersep=&#8221;sep_border&#8221; css_animation=&#8221;appear&#8221; top=&#8221;10&#8243; bottom=&#8221;20&#8243; borderwidth=&#8221;62&#8243; bordercolor=&#8221;#126539&#8243; bordertick=&#8221;3&#8243;][vc_raw_html]JTVCdmNfZW1wdHlfc3BhY2UlMjBoZWlnaHQlM0QlMjI1cHglMjIlNUQlMEElMEElM0NwJTNFJTVCaWNvbiUyMHBvc2l0aW9uJTNEJTIybGVmdCUyMiUyMHBhZGRpbmclM0QlMjI3JTIyJTIwdXJsJTNEJTIyJTIzJTIyJTIwc2l6ZSUzRCUyMjE2cHglMjIlMjBjb2xvciUzRCUyMiUyMzEyNjUzOSUyMiUyMGljb24lM0QlMjJmYSUyMGZhLW1hcC1tYXJrZXIlMjIlNUQlMjBNYXRiYWElMkZEZXBvJTNBJTIwSy5PLlMuQi4lMjAzNy4lMjBTay4lMjBObyUzQTE0JTJGMSUwQVVsdWNhay1LZW1hbHBhJUM1JTlGYSUyMCUyRiVDNCVCMFpNJUM0JUIwUiUzQyUyRnAlM0UlMEElMEElM0NwJTNFJTVCaWNvbiUyMHBvc2l0aW9uJTNEJTIybGVmdCUyMiUyMHBhZGRpbmclM0QlMjI3JTIyJTIwdXJsJTNEJTIyJTIzJTIyJTIwc2l6ZSUzRCUyMjE2cHglMjIlMjBjb2xvciUzRCUyMiUyMzEyNjUzOSUyMiUyMGljb24lM0QlMjJmYSUyMGZhLW1hcC1tYXJrZXIlMjIlNUQlMjBPZmlzJTJGRGVwbyUzQSUyMDEuJTIwU2FuYXlpJTIwU2l0LiUyMDI4MjklMjBTay4lMjBObyUzQTMlMEFLb25hayUyMCUyRiVDNCVCMFpNJUM0JUIwUiUzQyUyRnAlM0UlMEElMEElM0NwJTNFJTVCaWNvbiUyMHBvc2l0aW9uJTNEJTIybGVmdCUyMiUyMHBhZGRpbmclM0QlMjI3JTIyJTIwdXJsJTNEJTIyJTIzJTIyJTIwc2l6ZSUzRCUyMjE2cHglMjIlMjBjb2xvciUzRCUyMiUyMzEyNjUzOSUyMiUyMGljb24lM0QlMjJmYSUyMGZhLXBob25lJTIyJTVET2ZpcyUzQSUyMDAuMjMyLjQyMSUyMDQxJTIwNDElM0MlMkZwJTNFJTBBJTNDcCUzRSUwQSUwQSUzQ3AlM0UlNUJpY29uJTIwcG9zaXRpb24lM0QlMjJsZWZ0JTIyJTIwcGFkZGluZyUzRCUyMjclMjIlMjB1cmwlM0QlMjIlMjMlMjIlMjBzaXplJTNEJTIyMTZweCUyMiUyMGNvbG9yJTNEJTIyJTIzMTI2NTM5JTIyJTIwaWNvbiUzRCUyMmZhJTIwZmEtcGhvbmUlMjIlNURHc20lM0ElMjAwLjU0NC4yODAlMjA4MCUyMDE1JTNDJTJGcCUzRSUwQSUzQ3AlM0UlMEElMEElMDklNUJpY29uJTIwcG9zaXRpb24lM0QlMjJsZWZ0JTIyJTIwcGFkZGluZyUzRCUyMjclMjIlMjB1cmwlM0QlMjIlMjMlMjIlMjBzaXplJTNEJTIyMTZweCUyMiUyMGNvbG9yJTNEJTIyJTIzMTI2NTM5JTIyJTIwaWNvbiUzRCUyMmZhJTIwZmEtZW52ZWxvcGUlMjIlNUQlMjBpbmZvJTQwaXptaXJwZWNldGUuY29tJTNDJTJGcCUzRQ==[\/vc_raw_html][\/vc_column][vc_column width=&#8221;1\/2&#8243;][vc_empty_space emsmh=&#8221;40px&#8221;][vc_custom_heading text=&#8221;\u0130LET\u0130\u015e\u0130M FORMU&#8221; font_container=&#8221;tag:h4|text_align:left&#8221; use_theme_fonts=&#8221;yes&#8221;][argu_separator sepopt=&#8221;simple&#8221; bordersep=&#8221;sep_border&#8221; css_animation=&#8221;appear&#8221; top=&#8221;10&#8243; bottom=&#8221;20&#8243; borderwidth=&#8221;62&#8243; bordercolor=&#8221;#126539&#8243; bordertick=&#8221;3&#8243;][vc_column_text]Her t\u00fcrl\u00fc soru, g\u00f6r\u00fc\u015f ve talepleriniz i\u00e7in bu formu kullanabilirsiniz. H\u0131zl\u0131 ve sa\u011fl\u0131kl\u0131 bir ileti\u015fim i\u00e7in, l\u00fctfen form \u00fczerindeki bilgileri tam olarak doldurunuz.[\/vc_column_text][vc_empty_space height=&#8221;15px&#8221;]<div role=\"form\" class=\"wpcf7\" id=\"wpcf7-f1241-o1\" lang=\"en-US\" dir=\"ltr\">\n<div class=\"screen-reader-response\"><p role=\"status\" aria-live=\"polite\" aria-atomic=\"true\"><\/p> <ul><\/ul><\/div>\n<form action=\"\/index.php\/wp-json\/wp\/v2\/pages\/26#wpcf7-f1241-o1\" method=\"post\" class=\"wpcf7-form init\" novalidate=\"novalidate\" data-status=\"init\">\n<div style=\"display: none;\">\n<input type=\"hidden\" name=\"_wpcf7\" value=\"1241\" \/>\n<input type=\"hidden\" name=\"_wpcf7_version\" value=\"5.5.2\" \/>\n<input type=\"hidden\" name=\"_wpcf7_locale\" value=\"en_US\" \/>\n<input type=\"hidden\" name=\"_wpcf7_unit_tag\" value=\"wpcf7-f1241-o1\" \/>\n<input type=\"hidden\" name=\"_wpcf7_container_post\" value=\"0\" \/>\n<input type=\"hidden\" name=\"_wpcf7_posted_data_hash\" value=\"\" \/>\n<\/div>\n<div id=\"form2\">\n<div id=\"up-column3\">\n<div class=\"up-column\">\n<div class=\"up-column-inner\"><span class=\"wpcf7-form-control-wrap your-name\"><input type=\"text\" name=\"your-name\" value=\"\" size=\"40\" class=\"wpcf7-form-control wpcf7-text wpcf7-validates-as-required\" aria-required=\"true\" aria-invalid=\"false\" placeholder=\"Ad Soyad\" \/><\/span><\/div>\n<\/div>\n<div class=\"up-column\">\n<div class=\"up-column-inner\"><span class=\"wpcf7-form-control-wrap your-email\"><input type=\"email\" name=\"your-email\" value=\"\" size=\"40\" class=\"wpcf7-form-control wpcf7-text wpcf7-email wpcf7-validates-as-required wpcf7-validates-as-email\" aria-required=\"true\" aria-invalid=\"false\" placeholder=\"Email\" \/><\/span><\/div>\n<\/div>\n<div class=\"up-column\">\n<div class=\"up-column-inner last\"><span class=\"wpcf7-form-control-wrap your-subject\"><input type=\"text\" name=\"your-subject\" value=\"\" size=\"40\" class=\"wpcf7-form-control wpcf7-text wpcf7-validates-as-required\" aria-required=\"true\" aria-invalid=\"false\" placeholder=\"Konu\" \/><\/span><\/div>\n<\/div>\n<\/div>\n<p> <span class=\"wpcf7-form-control-wrap your-message\"><textarea name=\"your-message\" cols=\"40\" rows=\"10\" class=\"wpcf7-form-control wpcf7-textarea\" aria-invalid=\"false\" placeholder=\"Mesaj\u0131n\u0131z\"><\/textarea><\/span>\n<p><input type=\"submit\" value=\"G\u00d6NDER\" class=\"wpcf7-form-control has-spinner wpcf7-submit\" \/><\/p>\n<\/div>\n<div class=\"wpcf7-response-output\" aria-hidden=\"true\"><\/div><\/form><\/div>[\/vc_column][\/vc_row][vc_row css=&#8221;.vc_custom_1634105647761{background-color: #363636 !important;}&#8221; el_class=&#8221;shadow&#8221;][vc_column width=&#8221;1\/3&#8243; el_class=&#8221;hover main&#8221;][vc_empty_space height=&#8221;60px&#8221; emsmh=&#8221;40px&#8221;][argu_icon_text_left iconanimated_left=&#8221;faa-vertical animated-hover&#8221; firstline_left=&#8221;E-mail&#8221; icon_text_left=&#8221;ti-email&#8221; icontitle_left=&#8221;#ffffff&#8221; iconcolor_left=&#8221;#41484e&#8221; iconcolors_bg_l=&#8221;#ffffff&#8221;]<span style=\"color: #ffffff;\">info@izmirseker.com<\/span>[\/argu_icon_text_left][vc_empty_space height=&#8221;70px&#8221;][\/vc_column][vc_column width=&#8221;1\/3&#8243; el_class=&#8221;hover main&#8221;][vc_empty_space height=&#8221;60px&#8221;][argu_icon_text_left iconanimated_left=&#8221;faa-ring animated-hover&#8221; firstline_left=&#8221;Telefon&#8221; icon_text_left=&#8221;ti-mobile&#8221; icontitle_left=&#8221;#ffffff&#8221; iconcolor_left=&#8221;#41484e&#8221; iconcolors_bg_l=&#8221;#ffffff&#8221;]<span style=\"color: #ffffff;\">0.232.421 41 41<\/span>[\/argu_icon_text_left][vc_empty_space height=&#8221;70px&#8221;][\/vc_column][vc_column width=&#8221;1\/3&#8243; el_class=&#8221;hover main&#8221;][vc_empty_space height=&#8221;60px&#8221;][argu_icon_text_left iconanimated_left=&#8221;faa-ring animated-hover&#8221; firstline_left=&#8221;Adres&#8221; icon_text_left=&#8221;fa-home&#8221; icontitle_left=&#8221;#ffffff&#8221; iconcolor_left=&#8221;#41484e&#8221; iconcolors_bg_l=&#8221;#ffffff&#8221;]<span style=\"color: #ffffff;\">1. Sanayi Sit. 2829 Sk. No:3<br \/>\nKonak \/\u0130ZM\u0130R<\/span>[\/argu_icon_text_left][vc_empty_space height=&#8221;70px&#8221; emsmh=&#8221;40px&#8221;][\/vc_column][\/vc_row][vc_row row_type=&#8221;full&#8221;][vc_column el_class=&#8221;no padding&#8221;][vc_empty_space][vc_raw_html]JTNDaWZyYW1lJTIwc3JjJTNEJTIyaHR0cHMlM0ElMkYlMkZ3d3cuZ29vZ2xlLmNvbSUyRm1hcHMlMkZlbWJlZCUzRnBiJTNEJTIxMW0xOCUyMTFtMTIlMjExbTMlMjExZDMxMjUuNTA1MDM4MzUyMjE4NCUyMTJkMjcuMTc2MjU1MzE1MTk0NDM1JTIxM2QzOC40Mjk4MDE5Nzk2NDU0NSUyMTJtMyUyMTFmMCUyMTJmMCUyMTNmMCUyMTNtMiUyMTFpMTAyNCUyMTJpNzY4JTIxNGYxMy4xJTIxM20zJTIxMW0yJTIxMXMweDE0Yjk2MjgzNGYxMWU5OWYlMjUzQTB4ZGM2NmUxN2Y2NmE1ODFmMCUyMTJzTWVyc2lubGklMjUyQyUyNTIwMjgyOS4lMjUyMFNrLiUyNTIwTm8lMjUzQTMlMjUyQyUyNTIwMzUxNzAlMjUyMEtvbmFrJTI1MkYlMjVDNCUyNUIwem1pciUyMTVlMCUyMTNtMiUyMTFzdHIlMjEyc3RyJTIxNHYxNjM0MTA1NDIyNDk0JTIxNW0yJTIxMXN0ciUyMTJzdHIlMjIlMjB3aWR0aCUzRCUyMjE1NTAlMjIlMjBoZWlnaHQlM0QlMjI0NTAlMjIlMjBzdHlsZSUzRCUyMmJvcmRlciUzQTAlM0IlMjIlMjBhbGxvd2Z1bGxzY3JlZW4lM0QlMjIlMjIlMjBsb2FkaW5nJTNEJTIybGF6eSUyMiUzRSUzQyUyRmlmcmFtZSUzRQ==[\/vc_raw_html][vc_empty_space][\/vc_column][\/vc_row]<\/p>\n","protected":false},"excerpt":{"rendered":"<p>[vc_row][vc_column][vc_empty_space height=&#8221;95px&#8221;][\/vc_column][\/vc_row][vc_row][vc_column width=&#8221;1\/2&#8243;][vc_empty_space][vc_custom_heading text=&#8221;\u0130LET\u0130\u015e\u0130M B\u0130LG\u0130LER\u0130&#8221; font_container=&#8221;tag:h4|text_align:left&#8221; use_theme_fonts=&#8221;yes&#8221;][argu_separator sepopt=&#8221;simple&#8221; bordersep=&#8221;sep_border&#8221; css_animation=&#8221;appear&#8221; top=&#8221;10&#8243; bottom=&#8221;20&#8243; borderwidth=&#8221;62&#8243; bordercolor=&#8221;#126539&#8243; bordertick=&#8221;3&#8243;][vc_raw_html]JTVCdmNfZW1wdHlfc3BhY2UlMjBoZWlnaHQlM0QlMjI1cHglMjIlNUQlMEElMEElM0NwJTNFJTVCaWNvbiUyMHBvc2l0aW9uJTNEJTIybGVmdCUyMiUyMHBhZGRpbmclM0QlMjI3JTIyJTIwdXJsJTNEJTIyJTIzJTIyJTIwc2l6ZSUzRCUyMjE2cHglMjIlMjBjb2xvciUzRCUyMiUyMzEyNjUzOSUyMiUyMGljb24lM0QlMjJmYSUyMGZhLW1hcC1tYXJrZXIlMjIlNUQlMjBNYXRiYWElMkZEZXBvJTNBJTIwSy5PLlMuQi4lMjAzNy4lMjBTay4lMjBObyUzQTE0JTJGMSUwQVVsdWNhay1LZW1hbHBhJUM1JTlGYSUyMCUyRiVDNCVCMFpNJUM0JUIwUiUzQyUyRnAlM0UlMEElMEElM0NwJTNFJTVCaWNvbiUyMHBvc2l0aW9uJTNEJTIybGVmdCUyMiUyMHBhZGRpbmclM0QlMjI3JTIyJTIwdXJsJTNEJTIyJTIzJTIyJTIwc2l6ZSUzRCUyMjE2cHglMjIlMjBjb2xvciUzRCUyMiUyMzEyNjUzOSUyMiUyMGljb24lM0QlMjJmYSUyMGZhLW1hcC1tYXJrZXIlMjIlNUQlMjBPZmlzJTJGRGVwbyUzQSUyMDEuJTIwU2FuYXlpJTIwU2l0LiUyMDI4MjklMjBTay4lMjBObyUzQTMlMEFLb25hayUyMCUyRiVDNCVCMFpNJUM0JUIwUiUzQyUyRnAlM0UlMEElMEElM0NwJTNFJTVCaWNvbiUyMHBvc2l0aW9uJTNEJTIybGVmdCUyMiUyMHBhZGRpbmclM0QlMjI3JTIyJTIwdXJsJTNEJTIyJTIzJTIyJTIwc2l6ZSUzRCUyMjE2cHglMjIlMjBjb2xvciUzRCUyMiUyMzEyNjUzOSUyMiUyMGljb24lM0QlMjJmYSUyMGZhLXBob25lJTIyJTVET2ZpcyUzQSUyMDAuMjMyLjQyMSUyMDQxJTIwNDElM0MlMkZwJTNFJTBBJTNDcCUzRSUwQSUwQSUzQ3AlM0UlNUJpY29uJTIwcG9zaXRpb24lM0QlMjJsZWZ0JTIyJTIwcGFkZGluZyUzRCUyMjclMjIlMjB1cmwlM0QlMjIlMjMlMjIlMjBzaXplJTNEJTIyMTZweCUyMiUyMGNvbG9yJTNEJTIyJTIzMTI2NTM5JTIyJTIwaWNvbiUzRCUyMmZhJTIwZmEtcGhvbmUlMjIlNURHc20lM0ElMjAwLjU0NC4yODAlMjA4MCUyMDE1JTNDJTJGcCUzRSUwQSUzQ3AlM0UlMEElMEElMDklNUJpY29uJTIwcG9zaXRpb24lM0QlMjJsZWZ0JTIyJTIwcGFkZGluZyUzRCUyMjclMjIlMjB1cmwlM0QlMjIlMjMlMjIlMjBzaXplJTNEJTIyMTZweCUyMiUyMGNvbG9yJTNEJTIyJTIzMTI2NTM5JTIyJTIwaWNvbiUzRCUyMmZhJTIwZmEtZW52ZWxvcGUlMjIlNUQlMjBpbmZvJTQwaXptaXJwZWNldGUuY29tJTNDJTJGcCUzRQ==[\/vc_raw_html][\/vc_column][vc_column width=&#8221;1\/2&#8243;][vc_empty_space emsmh=&#8221;40px&#8221;][vc_custom_heading text=&#8221;\u0130LET\u0130\u015e\u0130M FORMU&#8221; font_container=&#8221;tag:h4|text_align:left&#8221; use_theme_fonts=&#8221;yes&#8221;][argu_separator sepopt=&#8221;simple&#8221; bordersep=&#8221;sep_border&#8221; css_animation=&#8221;appear&#8221; top=&#8221;10&#8243; bottom=&#8221;20&#8243; borderwidth=&#8221;62&#8243; bordercolor=&#8221;#126539&#8243; bordertick=&#8221;3&#8243;][vc_column_text]Her t\u00fcrl\u00fc soru, g\u00f6r\u00fc\u015f ve talepleriniz i\u00e7in bu formu kullanabilirsiniz. H\u0131zl\u0131 ve sa\u011fl\u0131kl\u0131 bir ileti\u015fim i\u00e7in, l\u00fctfen form \u00fczerindeki bilgileri tam olarak doldurunuz.[\/vc_column_text][vc_empty_space height=&#8221;15px&#8221;][\/vc_column][\/vc_row][vc_row css=&#8221;.vc_custom_1634105647761{background-color: #363636 !important;}&#8221; el_class=&#8221;shadow&#8221;][vc_column width=&#8221;1\/3&#8243; el_class=&#8221;hover main&#8221;][vc_empty_space height=&#8221;60px&#8221; emsmh=&#8221;40px&#8221;][argu_icon_text_left iconanimated_left=&#8221;faa-vertical animated-hover&#8221; firstline_left=&#8221;E-mail&#8221; icon_text_left=&#8221;ti-email&#8221; icontitle_left=&#8221;#ffffff&#8221; iconcolor_left=&#8221;#41484e&#8221; iconcolors_bg_l=&#8221;#ffffff&#8221;]info@izmirseker.com[\/argu_icon_text_left][vc_empty_space height=&#8221;70px&#8221;][\/vc_column][vc_column width=&#8221;1\/3&#8243; el_class=&#8221;hover main&#8221;][vc_empty_space height=&#8221;60px&#8221;][argu_icon_text_left iconanimated_left=&#8221;faa-ring animated-hover&#8221; firstline_left=&#8221;Telefon&#8221; icon_text_left=&#8221;ti-mobile&#8221; icontitle_left=&#8221;#ffffff&#8221; iconcolor_left=&#8221;#41484e&#8221; iconcolors_bg_l=&#8221;#ffffff&#8221;]0.232.421 41 41[\/argu_icon_text_left][vc_empty_space height=&#8221;70px&#8221;][\/vc_column][vc_column width=&#8221;1\/3&#8243; el_class=&#8221;hover main&#8221;][vc_empty_space height=&#8221;60px&#8221;][argu_icon_text_left iconanimated_left=&#8221;faa-ring animated-hover&#8221; firstline_left=&#8221;Adres&#8221; icon_text_left=&#8221;fa-home&#8221; icontitle_left=&#8221;#ffffff&#8221; iconcolor_left=&#8221;#41484e&#8221; iconcolors_bg_l=&#8221;#ffffff&#8221;]1. Sanayi Sit. 2829 Sk. No:3 Konak &hellip; <a href=\"https:\/\/izmirpecete.com\/index.php\/iletisim\/\">Continued<\/a><\/p>\n","protected":false},"author":1,"featured_media":0,"parent":0,"menu_order":0,"comment_status":"closed","ping_status":"closed","template":"page-fullwidth.php","meta":[],"_links":{"self":[{"href":"https:\/\/izmirpecete.com\/index.php\/wp-json\/wp\/v2\/pages\/26"}],"collection":[{"href":"https:\/\/izmirpecete.com\/index.php\/wp-json\/wp\/v2\/pages"}],"about":[{"href":"https:\/\/izmirpecete.com\/index.php\/wp-json\/wp\/v2\/types\/page"}],"author":[{"embeddable":true,"href":"https:\/\/izmirpecete.com\/index.php\/wp-json\/wp\/v2\/users\/1"}],"replies":[{"embeddable":true,"href":"https:\/\/izmirpecete.com\/index.php\/wp-json\/wp\/v2\/comments?post=26"}],"version-history":[{"count":3,"href":"https:\/\/izmirpecete.com\/index.php\/wp-json\/wp\/v2\/pages\/26\/revisions"}],"predecessor-version":[{"id":4353,"href":"https:\/\/izmirpecete.com\/index.php\/wp-json\/wp\/v2\/pages\/26\/revisions\/4353"}],"wp:attachment":[{"href":"https:\/\/izmirpecete.com\/index.php\/wp-json\/wp\/v2\/media?parent=26"}],"curies":[{"name":"wp","href":"https:\/\/api.w.org\/{rel}","templated":true}]}}